 base 8, what is 0 + -30?
-30
In base 16, what is -8 - -1d?
15
In base 16, what is -4 + -33?
-37
In base 10, what is -18 - 7?
-25
In base 10, what is 2 - 386?
-384
In base 4, what is 1 - 203?
-202
In base 11, what is -52 + -2?
-54
In base 2, what is -10 - 110100011001?
-110100011011
In base 8, what is 225 + -15?
210
In base 4, what is 3031 + 13?
3110
In base 9, what is 78 + -5?
73
In base 12, what is -1 - -196?
195
In base 10, what is -2 + -80?
-82
In base 4, what is -112 - 131?
-303
In base 10, what is 5 + 627?
632
In base 9, what is 63 - 24?
38
In base 16, what is -1d + 5?
-18
In base 11, what is -a - 304?
-313
In base 11, what is -1a5 - -1?
-1a4
In base 9, what is 353 - 5?
347
In base 5, what is -412 - -3?
-404
In base 6, what is -2142 - -4?
-2134
In base 6, what is 4 + -1252?
-1244
In base 7, what is 116 - 43?
43
In base 10, what is 0 - 543?
-543
In base 3, what is -21 + -1020100?
-1020121
In base 8, what is -1667 + 1?
-1666
In base 10, what is -42 - 42?
-84
In base 7, what is 1366 + 5?
1404
In base 15, what is 1 + -1?
0
In base 5, what is -2100 + 3?
-2042
In base 16, what is b - -6?
11
In base 13, what is 5 - 198?
-193
In base 14, what is -37 - 156?
-18d
In base 11, what is -90 - -4?
-87
In base 5, what is 2 - 20203?
-20201
In base 5, what is 1 - 131?
-130
In base 8, what is 6 + -5627?
-5621
In base 9, what is 2 - 102?
-100
In base 2, what is 110 + 1000111?
1001101
In base 14, what is 40 - -8?
48
In base 8, what is -10 + -262?
-272
In base 4, what is 2 + 303103?
303111
In base 15, what is -7 + -12d?
-135
In base 15, what is 0 + 18d?
18d
In base 4, what is 113103 + 10?
113113
In base 9, what is 121 + -2?
118
In base 13, what is -3 + -3?
-6
In base 10, what is -401 - -4?
-397
In base 9, what is 78 - 8?
70
In base 2, what is 10 + 1000010?
1000100
In base 3, what is 1 + -10?
-2
In base 15, what is -145 + -1?
-146
In base 4, what is -132 + 32?
-100
In base 3, what is -10 - 2200?
-2210
In base 13, what is -1 - -1025?
1024
In base 14, what is 8 - 7?
1
In base 10, what is 99 + 4?
103
In base 2, what is -100 - -110111101000?
110111100100
In base 5, what is 2440 + -3?
2432
In base 13, what is 8a0 + 4?
8a4
In base 3, what is 10 + 1210?
1220
In base 4, what is 21222 - -10?
21232
In base 6, what is 33535 - 4?
33531
In base 3, what is -120 - 0?
-120
In base 11, what is 9 - 359?
-350
In base 10, what is 3 + -7?
-4
In base 8, what is -3072 - -1?
-3071
In base 9, what is 1 - 1165?
-1164
In base 12, what is 0 + 5?
5
In base 15, what is -1 + 2c8?
2c7
In base 2, what is 10 - -1001111?
1010001
In base 10, what is -25 + -136?
-161
In base 8, what is 132 - -1?
133
In base 2, what is 1 + 1101100010?
1101100011
In base 15, what is -6b - 1?
-6c
In base 8, what is -4 - -427?
423
In base 9, what is -2686 - 3?
-2700
In base 5, what is -341 - -4?
-332
In base 9, what is -444 - 5?
-450
In base 3, what is -1 - 1021010?
-1021011
In base 15, what is bc + 1?
bd
In base 12, what is -3 + 56?
53
In base 6, what is 35151 - 3?
35144
In base 16, what is d4f - 2?
d4d
In base 16, what is 331 - 27?
30a
In base 7, what is -215 + -2?
-220
In base 6, what is 22 - 4?
14
In base 11, what is 5 + 45?
4a
In base 13, what is 15 - 8c?
-77
In base 2, what is 100100 + -10111011?
-10010111
In base 9, what is -58 - 65?
-134
In base 3, what is -2 + -20002?
-20011
In base 5, what is -4 - 2022?
-2031
In base 10, what is 9 - 422?
-413
In base 8, what is 3 + 110?
113
In base 9, what is 1 - -282?
283
In base 7, what is 2661 - 0?
2661
In base 14, what is -a - -53?
47
In base 13, what is -2c + -1c?
-4b
In base 11, what is 4 - -112a?
1133
In base 12, what is 5 + 1350?
1355
In base 13, what is 0 + -88?
-88
In base 6, what is -34 - 3?
-41
In base 10, what is -10 + 55?
45
In base 9, what is 27 - -102?
130
In base 14, what is 4 - 5?
-1
In base 13, what is 16 + 2?
18
In base 14, what is -5da - -b?
-5cd
In base 3, what is 1200 + -20101?
-11201
In base 14, what is 361 - 5?
35a
In base 11, what is -24 - 4?
-28
In base 11, what is -3 - 251?
-254
In base 11, what is 6 - 8?
-2
In base 2, what is 1100111 + 10?
1101001
In base 3, what is 102100 + 200?
110000
In base 4, what is -3110232 - 11?
-3110303
In base 6, what is 3 - -102?
105
In base 4, what is -10 - 212?
-222
In base 4, what is -1020310 + 3?
-1020301
In base 16, what is 341 + -3?
33e
In base 2, what is 10 - 10100001111?
-10100001101
In base 3, what is 10222 + 1?
11000
In base 4, what is -3120 - 1?
-3121
In base 10, what is 5 - -9?
14
In base 4, what is 10 + 201200?
201210
In base 13, what is 3 - 26?
-23
In base 9, what is -5 + -58?
-64
In base 11, what is 320 - -3?
323
In base 2, what is -111110100 - 1101?
-1000000001
In base 13, what is 5 + 533?
538
In base 9, what is -515 + 2?
-513
In base 7, what is -1046 - 3?
-1052
In base 6, what is -104 + 5?
-55
In base 5, what is -30 + -103?
-133
In base 4, what is 20131 + 10?
20201
In base 6, what is -2 + 41225?
41223
In base 14, what is -10d + 3?
-10a
In base 16, what is 3 + 1c?
1f
In base 2, what is -101 - 1111010100100?
-1111010101001
In base 14, what is b + 9d?
aa
In base 6, what is 1543 - 0?
1543
In base 9, what is -65 + -15?
-81
In base 5, what is -42 + -32?
-124
In base 8, what is -2 - -57?
55
In base 9, what is 508 - 1?
507
In base 14, what is -19 - 18d?
-1a8
In base 6, what is 34 - 124?
-50
In base 2, what is 1110010 - -110101?
10100111
In base 9, what is 78 + -4?
74
In base 14, what is 264 - 5?
25d
In base 10, what is -4 - 206?
-210
In base 4, what is -11 - 1132?
-1203
In base 13, what is -1a7 + -3?
-1aa
In base 5, what is 4 + -41011?
-41002
In base 8, what is 1370 + 5?
1375
In base 7, what is 2 + 53?
55
In base 10, what is -462 + -3?
-465
In base 16, what is -a + -2ff?
-309
In base 10, what is -6 - -124?
118
In base 14, what is -21 + 6?
-19
In base 15, what is 172 + -4?
16d
In base 10, what is 169 + -8?
161
In base 9, what is 363 - -16?
380
In base 16, what is 2 - -83?
85
In base 14, what is -5 + 254?
24d
In base 11, what is -9 + -1?
-a
In base 9, what is -1010 + -11?
-1021
In base 11, what is 6524 + 3?
6527
In base 12, what is -4 - 13?
-17
In base 3, what is -1102022 + -12?
-1102111
In base 4, what is 220131 + -3?
220122
In base 12, what is -329 + 10?
-319
In base 9, what is 5 + 65?
71
In base 15, what is 1 + c3?
c4
In base 5, what is 12 + 20?
32
In base 9, what is 6 + 58?
65
In base 8, what is -14 - -10?
-4
In base 14, what is -19 + -1b?
-36
In base 4, what is -11 + -22232?
-22303
In base 15, what is 3d57 + 2?
3d59
In base 7, what is 51 - 225?
-144
In base 9, what is 0 - -31?
31
In base 13, what is -18 + 18?
0
In base 4, what is -10111 + 11?
-10100
In base 14, what is 4 + -118?
-114
In base 12, what is 9 + -1b7?
-1aa
In base 3, what is 2 - -10111?
10120
In base 3, what is -12201222 - 1?
-12202000
In base 13, what is 2 + -92?
-90
In base 14, what is -17 + -5c?
-75
In base 4, what is -22 - 1011?
-1033
In base 12, what is -12 - 14?
-26
In base 7, what is 5 + -415?
-410
In base 8, what is -1 - -11?
10
In base 16, what is 1 - 123?
-122
In base 6, what is 10 + 125?
135
In base 12, what is -7a94 + 2?
-7a92
In base 14, what is 5 + 1a?
21
In base 3, what is -2000 - 10?
-2010
In base 6, what is 4 - -1030?
1034
In base 8, what is -22 - 35?
-57
In base 8, what is -24 - -4?
-20
In base 16, what is -121 - -2?
-11f
In base 6, what is 4 + 54?
102
In base 16, what is -89 - -2?
-87
In base 9, what is -5 - 2016?
-2022
In base 10, what is -189 + -4?
-193
In base 14, what is 13 + 0?
13
In base 6, what is -2 - -145?
143
In base 13, what is -9 + -12?
-1b
In base 2, what is -1 + -11001110?
-11001111
In base 15, what is c2a - 5?
c25
In base 12, what is 966 + -2?
964
In base 13, what is 3b66 + 0?
3b66
In base 6, what is -405 + -12?
-421
In base 10, what is 25 - -71?
96
In base 8, what is -4 - 1551?
-1555
In base 12, what is -8b + 0?
-8b
In base 15, what is 21 + -1?
20
In base 2, what is 110100 - -10010001?
11000101
In base 2, what is -11010 - 101001?
-1000011
In base 8, what is 0 - -12?
12
In base 14, what is 3 - 4b?
-48
In base 5, what is 412 - -10?
422
In base 6, what is -1 - -113?
112
In base 7, what is 134446 - -1?
134450
In base 6, what is -3214 - 5?
-3223
In base 6, what is 53 + 44?
141
In base 16, what is -2 - -1f?
1d
In base 10, what is -594 + -21?
-615
In base 11, what is 4 - -238?
241
In base 10, what is 578 - 13?
5